1313 (base 5) to base 11
17a
What is 67ae (base 15) in base 6?
245445
-351 (base 9) to base 8
-441
Convert 4c (base 13) to base 6.
144
What is -33142 (base 7) in base 9?
-12354
Convert d98 (base 16) to base 7.
13101
What is 1220 (base 3) in base 8?
63
What is -711 (base 10) in base 14?
-38b
What is -1241211 (base 5) in base 16?
-5fec
Convert -51021 (base 7) to base 11.
-931a
14df (base 16) to base 8
12337
What is -11000000110 (base 2) in base 15?
-6cc
11302 (base 15) to base 12
27785
What is 111132 (base 4) in base 11?
103a
What is -1111101010000 (base 2) in base 4?
-1331100
Convert -2520 (base 10) to base 7.
-10230
What is 10035 (base 6) in base 2?
10100100111
Convert 102101011 (base 3) to base 4.
2001211
4919 (base 11) to base 10
6433
Convert -3b7 (base 15) to base 7.
-2320
What is 26365 (base 10) in base 14?
9873
-c473 (base 14) to base 3
-1201101100
Convert 442 (base 5) to base 14.
8a
What is -1240222 (base 5) in base 11?
-173a6
What is 1a4 (base 14) in base 10?
340
-211200 (base 4) to base 2
-100101100000
240030 (base 6) to base 15
6239
Convert -22551 (base 7) to base 9.
-7820
-1cc (base 15) to base 4
-12201
3b4 (base 14) to base 2
1011101010
Convert -2a60 (base 11) to base 12.
-2342
What is -116a (base 14) in base 15?
-d74
Convert 33347 (base 8) to base 4.
3123213
What is 3615 (base 12) in base 2?
1011110110001
-7752 (base 14) to base 15
-61bc
What is 5775 (base 13) in base 11?
923a
What is -10111101010 (base 2) in base 5?
-22024
214042 (base 6) to base 8
42512
Convert -31200313 (base 4) to base 13.
-1c26a
-469 (base 10) to base 12
-331
What is -15332 (base 9) in base 16?
-28ee
1333 (base 15) to base 2
1000000000010
What is -41144 (base 5) in base 9?
-3601
7281 (base 14) to base 3
1000001010
What is -634 (base 14) in base 11?
-a11
What is 7c3f (base 16) in base 4?
13300333
b798 (base 12) to base 4
10322210
Convert 120112110 (base 3) to base 14.
41ad
What is -3253 (base 7) in base 4?
-102031
1132011 (base 4) to base 6
43513
What is 2221 (base 5) in base 16?
137
What is 329 (base 16) in base 8?
1451
What is -32002032 (base 4) in base 16?
-e08e
-415f (base 16) to base 8
-40537
-270 (base 14) to base 2
-111101010
1020 (base 10) to base 12
710
10c (base 13) to base 10
181
What is -220202100 (base 3) in base 8?
-43175
What is -23aa8 (base 11) in base 5?
-2101403
1406 (base 9) to base 16
423
Convert -6394 (base 16) to base 2.
-110001110010100
Convert 1 (base 10) to base 6.
1
100 (base 9) to base 3
10000
Convert 39241 (base 10) to base 12.
1a861
5a12 (base 12) to base 9
14755
What is 3478 (base 10) in base 8?
6626
Convert -5151 (base 7) to base 6.
-12200
What is 22 (base 8) in base 6?
30
-1000101011000 (base 2) to base 13
-2037
What is -5245 (base 8) in base 13?
-1318
Convert -352340 (base 6) to base 13.
-10a94
Convert 64516 (base 7) to base 8.
37244
10203101 (base 4) to base 3
221120102
What is 11111000001011 (base 2) in base 15?
4a8d
Convert -165b (base 12) to base 8.
-5147
What is 94 (base 16) in base 4?
2110
9c0a (base 13) to base 16
5533
Convert -2121 (base 3) to base 7.
-130
Convert -d79 (base 14) to base 2.
-101001011111
What is 214334 (base 6) in base 9?
26424
What is -11101000011010 (base 2) in base 15?
-4619
Convert 40052 (base 8) to base 4.
10000222
Convert -59 (base 13) to base 15.
-4e
Convert -75 (base 10) to base 4.
-1023
Convert 132150 (base 7) to base 9.
36883
Convert -b62 (base 12) to base 2.
-11001111010
797 (base 12) to base 4
101203
Convert 286 (base 9) to base 6.
1040
10110100100010 (base 2) to base 4
2310202
12a3a (base 11) to base 9
27407
What is -798a (base 11) in base 14?
-3b84
Convert -1000111110000100 (base 2) to base 6.
-442032
What is -3b32 (base 14) in base 10?
-10432
-15210 (base 6) to base 12
-1506
Convert -130 (base 14) to base 11.
-1a7
Convert -71b2 (base 14) to base 13.
-8b98
-307 (base 16) to base 8
-1407
-344240 (base 5) to base 16
-309d
What is -1665 (base 9) in base 3?
-1202012
What is 2002212 (base 3) in base 13?
911
Convert 9f7 (base 16) to base 11.
1a0a
Convert 3855 (base 9) to base 2.
101101000101
-102022222 (base 3) to base 2
-10000001000101
add7 (base 14) to base 9
45350
Convert -212440 (base 5) to base 3.
-100221100
What is 45131 (base 6) in base 15?
1d14
Convert 2065 (base 7) to base 9.
1004
Convert 2c (base 14) to base 15.
2a
What is 2122 (base 3) in base 8?
107
Convert -4b32 (base 13) to base 3.
-112122212
Convert -44 (base 13) to base 7.
-110
3cab (base 14) to base 3
112201121
Convert -1914 (base 10) to base 2.
-11101111010
Convert 144 (base 15) to base 2.
100100001
What is 21232 (base 4) in base 2?
1001101110
Convert -973 (base 10) to base 3.
-1100001
-113265 (base 7) to base 2
-100111110011110
-13052 (base 7) to base 6
-24015
Convert 6257 (base 8) to base 13.
162a
Convert -100011110000 (base 2) to base 6.
-14332
-501063 (base 7) to base 13
-2c571
What is -31d9 (base 15) in base 11?
-7a25
Convert 2a10 (base 14) to base 12.
439a
What is -1111001 (base 2) in base 8?
-171
What is 226 (base 9) in base 15?
c6
-54523 (base 7) to base 13
-6292
Convert -1011100000110001 (base 2) to base 13.
-18602
What is -313113 (base 4) in base 6?
-24223
What is 2022 (base 5) in base 14?
14a
What is 135400 (base 7) in base 3?
1022120001
Convert -1722 (base 14) to base 5.
-113041
Convert -55655 (base 7) to base 3.
-201021112
What is 6153 (base 7) in base 4?
201201
Convert -172 (base 8) to base 6.
-322
Convert 100210 (base 3) to base 8.
410
36 (base 14) to base 4
300
-201203 (base 4) to base 9
-2845
Convert 21221021 (base 3) to base 4.
1122121
Convert -4852 (base 9) to base 4.
-320123
1a19 (base 16) to base 4
1220121
Convert 2220001 (base 3) to base 16.
83b
Convert 47b1 (base 13) to base 3.
111212122
Convert -1024003 (base 5) to base 3.
-212211122
7e3 (base 16) to base 3
2202210
-4448 (base 14) to base 13
-54c7
What is -6621 (base 11) in base 7?
-34316
Convert -336 (base 9) to base 5.
-2101
-1745 (base 8) to base 10
-997
30330200 (base 4) to base 14
15476
Convert 14 (base 9) to base 13.
10
What is -2b80 (base 14) in base 16?
-1e4c
Convert -173 (base 13) to base 14.
-14b
What is -100000100100010 (base 2) in base 3?
-211212120
21211303 (base 4) to base 3
1222212221
-215 (base 11) to base 15
-123
Convert 324 (base 6) to base 7.
235
What is -12122 (base 4) in base 7?
-1124
-2510 (base 6) to base 8
-1152
What is -74745 (base 8) in base 14?
-b52d
What is 5da (base 14) in base 7?
3263
12210 (base 3) to base 4
2130
-1c (base 14) to base 12
-22
Convert 66c (base 14) to base 2.
10011111000
What is -9f51 (base 16) in base 4?
-21331101
Convert -32434 (base 5) to base 6.
-14220
What is 2023330 (base 4) in base 10?
8956
What is -2924 (base 13) in base 4?
-1130321
-1e3 (base 15) to base 7
-1164
Convert -107 (base 8) to base 16.
-47
-231 (base 6) to base 10
-91
What is -101111110001111 (base 2) in base 8?
-57617
What is -35 (base 15) in base 8?
-62
Convert -173 (base 12) to base 2.
-11100111
-32db (base 15) to base 13
-4ba4
What is 32655 (base 7) in base 12?
4913
What is 12203022 (base 4) in base 3?
1100210120
-3497 (base 10) to base 2
-110110101001
-1212221 (base 3) to base 5
-21000
Convert -281 (base 12) to base 3.
-112021
Convert -117 (base 14) to base 11.
-188
231334 (base 5) to base 2
10000010011000
Convert -2962 (base 14) to base 6.
-53550
Convert c86 (base 13) to base 5.
32023
-7e (base 15) to base 2
-1110111
What is -110101111111 (base 2) in base 4?
-311333
What is -11445 (base 7) in base 9?
-4063
Convert -2652 (base 15) to base 9.
-12185
Convert -201201 (base 4) to base 14.
-ad3
What is 792 (base 12) in base 4?
101132
103220 (base 4) to base 6
5452
What is 323e (base 15) in base 13?
4ac0
What is 732e (base 15) in base 8?
57430
What is -da (base 15) in base 8?
-315
-2338 (base 10) to base 15
-a5d
Convert 4640 (base 9) to base 3.
11201100
What is 243143 (base 5) in base 11?
698a
Convert -10b9 (base 12) to base 10.
-1869
What is 11101100100011 (base 2) in base 11?
10413
-18738 (base 11) to base 9
-38815
-44244 (base 9) to base 2
-111001010110010
-376 (base 15) to base 12
-556
Convert cb (base 13) to base 4.
2213
Convert 376 (base 11) to base 14.
23c
What is 460 (base 9) in base 16?
17a
17345 (base 11) to base 8
57462
d4d1 (base 14) to base 12
19253
-1153 (base 7) to base 11
-361
-385 (base 16) to base 6
-4101
-14426 (base 10